{"id":186,"date":"2023-03-23T14:45:41","date_gmt":"2023-03-23T14:45:41","guid":{"rendered":"https:\/\/leadetik.cl\/?page_id=186"},"modified":"2024-03-05T17:04:52","modified_gmt":"2024-03-05T17:04:52","slug":"186-2","status":"publish","type":"page","link":"https:\/\/leadetik.cl\/","title":{"rendered":"Index"},"content":{"rendered":"\n[et_pb_section fb_built=&#8221;1&#8243; admin_label=&#8221;Header&#8221; _builder_version=&#8221;4.19.0&#8243; use_background_color_gradient=&#8221;on&#8221; background_color_gradient_direction=&#8221;55deg&#8221; background_color_gradient_stops=&#8221;rgba(185,218,229,0.94) 0%|rgba(0,47,219,0.75) 99%&#8221; background_color_gradient_overlays_image=&#8221;on&#8221; background_color_gradient_start=&#8221;#ffb337&#8243; background_color_gradient_end=&#8221;rgba(255,179,55,0.76)&#8221; background_image=&#8221;https:\/\/leadetik.cl\/wp-content\/uploads\/2023\/03\/young-business-team-scaled.jpg&#8221; custom_padding=&#8221;10vw||0||false|false&#8221; locked=&#8221;off&#8221; global_colors_info=&#8221;{}&#8221; border_radii__hover=&#8221;on||||&#8221; border_radii__hover_enabled=&#8221;on||||&#8221; background_repeat__hover=&#8221;no-repeat&#8221; background_repeat__hover_enabled=&#8221;no-repeat&#8221;][et_pb_row custom_padding_last_edited=&#8221;on|tablet&#8221; _builder_version=&#8221;4.19.0&#8243; background_image=&#8221;https:\/\/leadetik.cl\/wp-content\/uploads\/2023\/03\/bg_image_01-2x.png&#8221; background_size=&#8221;contain&#8221; background_position=&#8221;bottom_right&#8221; width=&#8221;100%&#8221; max_width=&#8221;100%&#8221; module_alignment=&#8221;center&#8221; custom_padding=&#8221;|15vw|16vw|15vw|false|true&#8221; custom_padding_tablet=&#8221;|10vw|24vw|10vw||true&#8221; custom_padding_phone=&#8221;&#8221; module_alignment_tablet=&#8221;center&#8221; module_alignment_phone=&#8221;center&#8221; module_alignment_last_edited=&#8221;on|phone&#8221; box_shadow_style=&#8221;preset7&#8243; box_shadow_horizontal=&#8221;0px&#8221; box_shadow_vertical=&#8221;-1px&#8221; box_shadow_color=&#8221;#ffffff&#8221; use_custom_width=&#8221;on&#8221; width_unit=&#8221;off&#8221; custom_width_percent=&#8221;100%&#8221; global_colors_info=&#8221;{}&#8221;][et_pb_column type=&#8221;4_4&#8243; _builder_version=&#8221;4.16&#8243; custom_padding=&#8221;|||&#8221; global_colors_info=&#8221;{}&#8221; custom_padding__hover=&#8221;|||&#8221;][et_pb_text content_tablet=&#8221;<h1 style=%22text-align: left;%22><img src=%22https:\/\/leadetik.cl\/wp-content\/uploads\/2022\/11\/logo-1.png%22 width=%22298%22 height=%22294%22 alt=%22%22 class=%22wp-image-78 alignnone size-full%22 \/><\/h1>&#8221; content_phone=&#8221;<h1 style=%22text-align: left;%22><img src=%22https:\/\/leadetik.cl\/wp-content\/uploads\/2022\/11\/logo-1.png%22 width=%22298%22 height=%22294%22 alt=%22%22 class=%22wp-image-78 alignnone size-full%22 style=%22display: block; margin-left: auto; margin-right: auto;%22 \/><\/h1>&#8221; content_last_edited=&#8221;on|desktop&#8221; _builder_version=&#8221;4.19.0&#8243; text_font=&#8221;|600|||||||&#8221; text_font_size=&#8221;22px&#8221; text_line_height=&#8221;1.8em&#8221; header_font=&#8221;Mukta|200|||||||&#8221; header_font_size=&#8221;7vw&#8221; header_line_height=&#8221;1.1em&#8221; background_layout=&#8221;dark&#8221; max_width=&#8221;80%&#8221; max_width_tablet=&#8221;&#8221; max_width_phone=&#8221;&#8221; max_width_last_edited=&#8221;on|phone&#8221; custom_padding=&#8221;|||20px|false|false&#8221; animation_style=&#8221;fade&#8221; animation_direction=&#8221;top&#8221; text_font_size_tablet=&#8221;14px&#8221; text_font_size_phone=&#8221;&#8221; text_font_size_last_edited=&#8221;on|phone&#8221; header_font_size_tablet=&#8221;&#8221; header_font_size_phone=&#8221;42px&#8221; header_font_size_last_edited=&#8221;on|phone&#8221; global_colors_info=&#8221;{}&#8221;]<h1 style=\"text-align: left;\"><img loading=\"lazy\" decoding=\"async\" src=\"https:\/\/leadetik.cl\/wp-content\/uploads\/2022\/11\/logo-1.png\" width=\"298\" height=\"294\" alt=\"\" class=\"wp-image-78 alignnone size-full\" \/><\/h1>[\/et_pb_text][et_pb_text content_tablet=&#8221;<p><b>Acompa\u00f1amos y asesoramos al servicio p\u00fablico y la empresa <\/b><b>privada.<\/b><\/p>&#8221; content_phone=&#8221;<p style=%22text-align: center;%22><b>Acompa\u00f1amos y asesoramos al servicio p\u00fablico y la empresa <\/b><b>privada.<\/b><\/p>&#8221; content_last_edited=&#8221;on|phone&#8221; _builder_version=&#8221;4.19.0&#8243; text_font=&#8221;|600|||||||&#8221; text_text_color=&#8221;#000000&#8243; text_font_size=&#8221;22px&#8221; text_line_height=&#8221;1.8em&#8221; header_font=&#8221;Mukta|200|||||||&#8221; header_font_size=&#8221;7vw&#8221; header_line_height=&#8221;1.1em&#8221; background_layout=&#8221;dark&#8221; max_width=&#8221;600px&#8221; max_width_last_edited=&#8221;off|tablet&#8221; custom_padding=&#8221;||0px|||&#8221; animation_style=&#8221;fade&#8221; animation_direction=&#8221;top&#8221; text_font_size_tablet=&#8221;14px&#8221; text_font_size_phone=&#8221;&#8221; text_font_size_last_edited=&#8221;on|phone&#8221; header_font_size_tablet=&#8221;&#8221; header_font_size_phone=&#8221;42px&#8221; header_font_size_last_edited=&#8221;on|phone&#8221; global_colors_info=&#8221;{}&#8221; content__hover_enabled=&#8221;on|desktop&#8221; content__hover=&#8221;<p><b>Acompa\u00f1amos y asesoramos al servicio p\u00fablico y la empresa <\/b><b>privada.<\/b><\/p>&#8220;]<p><b>Acompa\u00f1amos y asesoramos al servicio p\u00fablico y la empresa <\/b><b>privada.<\/b><\/p>[\/et_pb_text][\/et_pb_column][\/et_pb_row][\/et_pb_section][et_pb_section fb_built=&#8221;1&#8243; admin_label=&#8221;About&#8221; _builder_version=&#8221;4.16&#8243; global_colors_info=&#8221;{}&#8221;][et_pb_row column_structure=&#8221;1_2,1_2&#8243; _builder_version=&#8221;4.16&#8243; width=&#8221;90%&#8221; max_width=&#8221;90%&#8221; module_alignment=&#8221;left&#8221; use_custom_width=&#8221;on&#8221; width_unit=&#8221;off&#8221; custom_width_percent=&#8221;90%&#8221; global_colors_info=&#8221;{}&#8221;][et_pb_column type=&#8221;1_2&#8243; _builder_version=&#8221;4.16&#8243; custom_padding=&#8221;|||&#8221; global_colors_info=&#8221;{}&#8221; custom_padding__hover=&#8221;|||&#8221;][et_pb_image src=&#8221;https:\/\/leadetik.cl\/wp-content\/uploads\/2023\/03\/investing-12.jpg&#8221; title_text=&#8221;investing-12&#8243; src_tablet=&#8221;https:\/\/leadetik.cl\/wp-content\/uploads\/2023\/03\/investing-12.jpg&#8221; src_phone=&#8221;https:\/\/leadetik.cl\/wp-content\/uploads\/2023\/03\/investing-12.jpg&#8221; src_last_edited=&#8221;on|desktop&#8221; _builder_version=&#8221;4.19.0&#8243; background_enable_color=&#8221;off&#8221; max_width_tablet=&#8221;400px&#8221; max_width_phone=&#8221;&#8221; max_width_last_edited=&#8221;on|tablet&#8221; custom_margin=&#8221;-12vw||&#8221; custom_margin_tablet=&#8221;-24vw||&#8221; custom_margin_phone=&#8221;&#8221; custom_margin_last_edited=&#8221;on|phone&#8221; animation_style=&#8221;slide&#8221; animation_direction=&#8221;left&#8221; animation_intensity_slide=&#8221;1%&#8221; border_radii=&#8221;off|300px|300px|300px|60px&#8221; always_center_on_mobile=&#8221;off&#8221; global_colors_info=&#8221;{}&#8221;][\/et_pb_image][\/et_pb_column][et_pb_column type=&#8221;1_2&#8243; _builder_version=&#8221;4.16&#8243; custom_padding=&#8221;|||&#8221; custom_padding_tablet=&#8221;|||10vw&#8221; custom_padding_phone=&#8221;|||10vw&#8221; custom_padding_last_edited=&#8221;on|tablet&#8221; global_colors_info=&#8221;{}&#8221; padding_tablet=&#8221;|||10vw&#8221; padding_last_edited=&#8221;on|tablet&#8221; custom_padding__hover=&#8221;|||&#8221; padding_phone=&#8221;|||10vw&#8221;][et_pb_text _builder_version=&#8221;4.19.0&#8243; header_font=&#8221;||||||||&#8221; header_2_font=&#8221;Mukta|300|||||||&#8221; header_2_font_size=&#8221;54px&#8221; header_2_line_height=&#8221;1.3em&#8221; max_width=&#8221;700px&#8221; custom_margin=&#8221;||10px&#8221; custom_padding=&#8221;|||0px||&#8221; animation_style=&#8221;slide&#8221; animation_direction=&#8221;top&#8221; animation_intensity_slide=&#8221;5%&#8221; header_2_font_size_tablet=&#8221;36px&#8221; header_2_font_size_phone=&#8221;24px&#8221; header_2_font_size_last_edited=&#8221;on|phone&#8221; locked=&#8221;off&#8221; global_colors_info=&#8221;{}&#8221;]<h2><span>Algunos de nuestros servicios<\/span><\/h2>[\/et_pb_text][et_pb_divider color=&#8221;#a8a8a8&#8243; divider_weight=&#8221;2px&#8221; _builder_version=&#8221;4.19.0&#8243; max_width=&#8221;50px&#8221; height=&#8221;2px&#8221; animation_style=&#8221;slide&#8221; animation_direction=&#8221;top&#8221; animation_intensity_slide=&#8221;20%&#8221; locked=&#8221;off&#8221; global_colors_info=&#8221;{}&#8221;][\/et_pb_divider][et_pb_text _builder_version=&#8221;4.19.0&#8243; text_line_height=&#8221;2em&#8221; max_width=&#8221;700px&#8221; animation_style=&#8221;slide&#8221; animation_direction=&#8221;top&#8221; animation_intensity_slide=&#8221;5%&#8221; locked=&#8221;off&#8221; global_colors_info=&#8221;{}&#8221;]<p>Enfocados en prestar un servicio integral orientados a la mejora continua y sustentable, usamos nuestra vasta experiencia en el mundo privado y p\u00fablico. Nos ajustamos a las necesidades espec\u00edficas de cada uno de nuestros clientes, con foco en el cumplimiento de sus objetivos estrat\u00e9gicos en todos sus procesos de negocio, colaborando de forma personalizada y con una intensa interacci\u00f3n entre jefaturas y colaboradores.<\/p>[\/et_pb_text][et_pb_toggle title=&#8221;BRINDAMOS ASESOR\u00cdA EN SEGURIDAD P\u00daBLICA Y CIUDADANA&#8221; open_toggle_background_color=&#8221;rgba(0,0,0,0)&#8221; closed_toggle_background_color=&#8221;rgba(0,0,0,0)&#8221; icon_color=&#8221;#99acdb&#8221; open_icon_color=&#8221;#99acdb&#8221; _builder_version=&#8221;4.16&#8243; title_text_color=&#8221;#000000&#8243; title_font=&#8221;Mukta|600|||||||&#8221; title_font_size=&#8221;16px&#8221; title_line_height=&#8221;1.2em&#8221; body_line_height=&#8221;1.8em&#8221; custom_margin=&#8221;||0px&#8221; custom_padding=&#8221;|0px||0px||true&#8221; animation_style=&#8221;slide&#8221; animation_direction=&#8221;top&#8221; animation_intensity_slide=&#8221;1%&#8221; border_width_all=&#8221;0px&#8221; border_color_all=&#8221;rgba(0,0,0,0.06)&#8221; border_width_bottom=&#8221;1px&#8221; locked=&#8221;off&#8221; global_colors_info=&#8221;{}&#8221;]<p>Realizamos Seminarios y Capacitaciones apoyados de expertos en la materia.<\/p>[\/et_pb_toggle][et_pb_toggle title=&#8221;PLANEAMIENTO ESTRAT\u00c9GICO&#8221; open_toggle_background_color=&#8221;rgba(0,0,0,0)&#8221; closed_toggle_background_color=&#8221;rgba(0,0,0,0)&#8221; icon_color=&#8221;#99acdb&#8221; open_icon_color=&#8221;#99acdb&#8221; _builder_version=&#8221;4.16&#8243; title_text_color=&#8221;#000000&#8243; title_font=&#8221;Mukta|600|||||||&#8221; title_font_size=&#8221;16px&#8221; title_line_height=&#8221;1.2em&#8221; body_line_height=&#8221;1.8em&#8221; custom_margin=&#8221;||0px&#8221; custom_padding=&#8221;|0px||0px||true&#8221; animation_style=&#8221;slide&#8221; animation_direction=&#8221;top&#8221; animation_intensity_slide=&#8221;1%&#8221; border_width_all=&#8221;0px&#8221; border_color_all=&#8221;rgba(0,0,0,0.06)&#8221; border_width_bottom=&#8221;1px&#8221; locked=&#8221;off&#8221; global_colors_info=&#8221;{}&#8221;]<p>Analizamos las necesidades de la organizaci\u00f3n, ayudando en el desarrollo de sus estrategias y optimizaci\u00f3n de sus procesos y enfoque organizacional.<\/p>[\/et_pb_toggle][et_pb_toggle title=&#8221;MODELOS DE CONTROL DE GESTI\u00d3N ORGANIZACIONAL&#8221; open_toggle_background_color=&#8221;rgba(0,0,0,0)&#8221; closed_toggle_background_color=&#8221;rgba(0,0,0,0)&#8221; icon_color=&#8221;#99acdb&#8221; open_icon_color=&#8221;#99acdb&#8221; _builder_version=&#8221;4.16&#8243; title_text_color=&#8221;#000000&#8243; title_font=&#8221;Mukta|600|||||||&#8221; title_font_size=&#8221;16px&#8221; title_line_height=&#8221;1.2em&#8221; body_line_height=&#8221;1.8em&#8221; custom_margin=&#8221;||0px&#8221; custom_padding=&#8221;|0px||0px||true&#8221; animation_style=&#8221;slide&#8221; animation_direction=&#8221;top&#8221; animation_intensity_slide=&#8221;1%&#8221; border_width_all=&#8221;0px&#8221; border_color_all=&#8221;rgba(0,0,0,0.06)&#8221; border_width_bottom=&#8221;1px&#8221; locked=&#8221;off&#8221; global_colors_info=&#8221;{}&#8221;]<p>Nos interesa que la gesti\u00f3n de nuestros clientes los lleve a cumplir y superar sus prop\u00f3sitos, mediante an\u00e1lisis, diagn\u00f3sticos y planes de acci\u00f3n orientados a la transformaci\u00f3n digital, trabajo colaborativo, dise\u00f1o e implementaci\u00f3n de nuevos productos, fidelizaci\u00f3n\u00a0y retenci\u00f3n de clientes, procesos de ventas y asesor\u00eda y consultor\u00eda financiera.<\/p>[\/et_pb_toggle][et_pb_toggle title=&#8221;GESTI\u00d3N DE PERSONAS&#8221; open_toggle_background_color=&#8221;rgba(0,0,0,0)&#8221; closed_toggle_background_color=&#8221;rgba(0,0,0,0)&#8221; icon_color=&#8221;#99acdb&#8221; open_icon_color=&#8221;#99acdb&#8221; _builder_version=&#8221;4.16&#8243; title_text_color=&#8221;#000000&#8243; title_font=&#8221;Mukta|600|||||||&#8221; title_font_size=&#8221;16px&#8221; title_line_height=&#8221;1.2em&#8221; body_line_height=&#8221;1.8em&#8221; custom_margin=&#8221;||0px&#8221; custom_padding=&#8221;|0px||0px||true&#8221; animation_style=&#8221;slide&#8221; animation_direction=&#8221;top&#8221; animation_intensity_slide=&#8221;1%&#8221; border_width_all=&#8221;0px&#8221; border_color_all=&#8221;rgba(0,0,0,0.06)&#8221; border_width_bottom=&#8221;1px&#8221; locked=&#8221;off&#8221; global_colors_info=&#8221;{}&#8221;]<p>Desarrollamos estrategias para que los procesos que involucren personas cumplan con los objetivos de la instituci\u00f3n ya sea en la selecci\u00f3n de personal, perfiles de Cargo, capacitaciones o modelos de Compensaci\u00f3n e Incentivos.<\/p>[\/et_pb_toggle][et_pb_button button_url=&#8221;@ET-DC@eyJkeW5hbWljIjp0cnVlLCJjb250ZW50IjoicG9zdF9saW5rX3VybF9wYWdlIiwic2V0dGluZ3MiOnsicG9zdF9pZCI6IjI1MSJ9fQ==@&#8221; button_text=&#8221;Conoce todos nuestros servicios&#8221; button_alignment=&#8221;center&#8221; _builder_version=&#8221;4.19.0&#8243; _dynamic_attributes=&#8221;button_url&#8221; custom_button=&#8221;on&#8221; button_text_size=&#8221;18px&#8221; button_text_color=&#8221;#ffffff&#8221; button_bg_color=&#8221;#0C71C3&#8243; button_bg_use_color_gradient=&#8221;on&#8221; button_bg_color_gradient_stops=&#8221;#2534bc 0%|#341a9b 99%&#8221; button_border_width=&#8221;0px&#8221; button_border_color=&#8221;rgba(0,0,0,0)&#8221; button_letter_spacing=&#8221;0px&#8221; button_font=&#8221;Mukta|600|||||||&#8221; button_icon=&#8221;&#x24;||divi||400&#8243; custom_margin=&#8221;3vw||&#8221; custom_padding=&#8221;15px|40px|15px|40px|true|true&#8221; animation_style=&#8221;slide&#8221; animation_direction=&#8221;right&#8221; animation_intensity_slide=&#8221;5%&#8221; locked=&#8221;off&#8221; global_colors_info=&#8221;{}&#8221;][\/et_pb_button][\/et_pb_column][\/et_pb_row][\/et_pb_section][et_pb_section fb_built=&#8221;1&#8243; admin_label=&#8221;Call to Action&#8221; _builder_version=&#8221;4.16&#8243; custom_padding=&#8221;0|0px|0|0px|true|false&#8221; locked=&#8221;off&#8221; global_colors_info=&#8221;{}&#8221;][et_pb_row _builder_version=&#8221;4.16&#8243; max_width=&#8221;700px&#8221; use_custom_width=&#8221;on&#8221; custom_width_px=&#8221;700px&#8221; global_colors_info=&#8221;{}&#8221;][et_pb_column type=&#8221;4_4&#8243; _builder_version=&#8221;4.16&#8243; custom_padding=&#8221;|||&#8221; global_colors_info=&#8221;{}&#8221; custom_padding__hover=&#8221;|||&#8221;][et_pb_text _builder_version=&#8221;4.16&#8243; text_font=&#8221;||||||||&#8221; header_font=&#8221;||||||||&#8221; header_2_font=&#8221;Mukta|300|||||||&#8221; header_2_font_size=&#8221;54px&#8221; header_2_line_height=&#8221;1.3em&#8221; text_orientation=&#8221;center&#8221; custom_margin=&#8221;||10px&#8221; animation_style=&#8221;slide&#8221; animation_direction=&#8221;top&#8221; animation_intensity_slide=&#8221;5%&#8221; header_2_font_size_tablet=&#8221;36px&#8221; header_2_font_size_phone=&#8221;24px&#8221; header_2_font_size_last_edited=&#8221;on|phone&#8221; locked=&#8221;off&#8221; global_colors_info=&#8221;{}&#8221;]<h2 class=\"elementor-icon-box-title\"><span>\u00bfPor qu\u00e9 elegir Leadetik?<\/span><\/h2>[\/et_pb_text][et_pb_divider color=&#8221;#a0a0a0&#8243; divider_weight=&#8221;3px&#8221; _builder_version=&#8221;4.19.0&#8243; max_width=&#8221;50px&#8221; module_alignment=&#8221;center&#8221; animation_style=&#8221;slide&#8221; animation_direction=&#8221;top&#8221; animation_intensity_slide=&#8221;20%&#8221; locked=&#8221;off&#8221; global_colors_info=&#8221;{}&#8221;][\/et_pb_divider][et_pb_text _builder_version=&#8221;4.16&#8243; text_font=&#8221;||||||||&#8221; text_line_height=&#8221;2em&#8221; text_orientation=&#8221;center&#8221; animation_style=&#8221;slide&#8221; animation_direction=&#8221;top&#8221; animation_intensity_slide=&#8221;5%&#8221; locked=&#8221;off&#8221; global_colors_info=&#8221;{}&#8221;]<p>Somos consultores seniors con una s\u00f3lida trayectoria en el mundo privado y p\u00fablico, enfocados en una propuesta de servicios personalizada, presente y buscando la mejora continua de procesos que consideren integralmente las personas, los procesos y la tecnolog\u00eda.<\/p>[\/et_pb_text][et_pb_button button_url=&#8221;@ET-DC@eyJkeW5hbWljIjp0cnVlLCJjb250ZW50IjoicG9zdF9saW5rX3VybF9wYWdlIiwic2V0dGluZ3MiOnsicG9zdF9pZCI6IjI2OSJ9fQ==@&#8221; button_text=&#8221;Conoce quienes somos&#8221; button_alignment=&#8221;center&#8221; _builder_version=&#8221;4.19.0&#8243; _dynamic_attributes=&#8221;button_url&#8221; custom_button=&#8221;on&#8221; button_text_size=&#8221;18px&#8221; button_text_color=&#8221;#ffffff&#8221; button_bg_color=&#8221;#0C71C3&#8243; button_bg_use_color_gradient=&#8221;on&#8221; button_bg_color_gradient_stops=&#8221;#2534bc 0%|#341a9b 99%&#8221; button_border_width=&#8221;0px&#8221; button_border_color=&#8221;rgba(0,0,0,0)&#8221; button_letter_spacing=&#8221;0px&#8221; button_font=&#8221;Mukta|600|||||||&#8221; button_icon=&#8221;&#x24;||divi||400&#8243; custom_margin=&#8221;3vw||&#8221; custom_padding=&#8221;15px|40px|15px|40px|true|true&#8221; animation_style=&#8221;slide&#8221; animation_direction=&#8221;right&#8221; animation_intensity_slide=&#8221;5%&#8221; locked=&#8221;off&#8221; global_colors_info=&#8221;{}&#8221;][\/et_pb_button][\/et_pb_column][\/et_pb_row][\/et_pb_section][et_pb_section fb_built=&#8221;1&#8243; fullwidth=&#8221;on&#8221; _builder_version=&#8221;4.16&#8243; global_colors_info=&#8221;{}&#8221;][et_pb_fullwidth_image src=&#8221;https:\/\/leadetik.cl\/wp-content\/uploads\/2023\/03\/risk-24.jpg&#8221; title_text=&#8221;risk-24&#8243; _builder_version=&#8221;4.19.0&#8243; animation_style=&#8221;slide&#8221; animation_direction=&#8221;bottom&#8221; animation_intensity_slide=&#8221;2%&#8221; global_colors_info=&#8221;{}&#8221;][\/et_pb_fullwidth_image][\/et_pb_section]\n","protected":false},"excerpt":{"rendered":"<p>Acompa\u00f1amos y asesoramos al servicio p\u00fablico y la empresa privada.Algunos de nuestros serviciosEnfocados en prestar un servicio integral orientados a la mejora continua y sustentable, usamos nuestra vasta experiencia en el mundo privado y p\u00fablico. Nos ajustamos a las necesidades espec\u00edficas de cada uno de nuestros clientes, con foco en el cumplimiento de sus objetivos [&hellip;]<\/p>\n","protected":false},"author":1,"featured_media":0,"parent":0,"menu_order":0,"comment_status":"closed","ping_status":"closed","template":"","meta":{"_et_pb_use_builder":"on","_et_pb_old_content":"","_et_gb_content_width":"","footnotes":""},"class_list":["post-186","page","type-page","status-publish","hentry"],"yoast_head":"<!-- This site is optimized with the Yoast SEO plugin v22.2 - https:\/\/yoast.com\/wordpress\/plugins\/seo\/ -->\n<title>Index - Leadetik.cl<\/title>\n<meta name=\"robots\" content=\"index, follow, max-snippet:-1, max-image-preview:large, max-video-preview:-1\" \/>\n<link rel=\"canonical\" href=\"https:\/\/leadetik.cl\/\" \/>\n<meta property=\"og:locale\" content=\"es_ES\" \/>\n<meta property=\"og:type\" content=\"article\" \/>\n<meta property=\"og:title\" content=\"Index - Leadetik.cl\" \/>\n<meta property=\"og:description\" content=\"Acompa\u00f1amos y asesoramos al servicio p\u00fablico y la empresa privada.Algunos de nuestros serviciosEnfocados en prestar un servicio integral orientados a la mejora continua y sustentable, usamos nuestra vasta experiencia en el mundo privado y p\u00fablico. Nos ajustamos a las necesidades espec\u00edficas de cada uno de nuestros clientes, con foco en el cumplimiento de sus objetivos [&hellip;]\" \/>\n<meta property=\"og:url\" content=\"https:\/\/leadetik.cl\/\" \/>\n<meta property=\"og:site_name\" content=\"Leadetik.cl\" \/>\n<meta property=\"article:modified_time\" content=\"2024-03-05T17:04:52+00:00\" \/>\n<meta property=\"og:image\" content=\"https:\/\/leadetik.cl\/wp-content\/uploads\/2022\/11\/logo-1.png\" \/>\n<meta name=\"twitter:card\" content=\"summary_large_image\" \/>\n<meta name=\"twitter:label1\" content=\"Est. reading time\" \/>\n\t<meta name=\"twitter:data1\" content=\"2 minutos\" \/>\n<script type=\"application\/ld+json\" class=\"yoast-schema-graph\">{\"@context\":\"https:\/\/schema.org\",\"@graph\":[{\"@type\":\"WebPage\",\"@id\":\"https:\/\/leadetik.cl\/\",\"url\":\"https:\/\/leadetik.cl\/\",\"name\":\"Index - Leadetik.cl\",\"isPartOf\":{\"@id\":\"https:\/\/leadetik.cl\/#website\"},\"primaryImageOfPage\":{\"@id\":\"https:\/\/leadetik.cl\/#primaryimage\"},\"image\":{\"@id\":\"https:\/\/leadetik.cl\/#primaryimage\"},\"thumbnailUrl\":\"https:\/\/leadetik.cl\/wp-content\/uploads\/2022\/11\/logo-1.png\",\"datePublished\":\"2023-03-23T14:45:41+00:00\",\"dateModified\":\"2024-03-05T17:04:52+00:00\",\"breadcrumb\":{\"@id\":\"https:\/\/leadetik.cl\/#breadcrumb\"},\"inLanguage\":\"es-CL\",\"potentialAction\":[{\"@type\":\"ReadAction\",\"target\":[\"https:\/\/leadetik.cl\/\"]}]},{\"@type\":\"ImageObject\",\"inLanguage\":\"es-CL\",\"@id\":\"https:\/\/leadetik.cl\/#primaryimage\",\"url\":\"https:\/\/leadetik.cl\/wp-content\/uploads\/2022\/11\/logo-1.png\",\"contentUrl\":\"https:\/\/leadetik.cl\/wp-content\/uploads\/2022\/11\/logo-1.png\",\"width\":298,\"height\":294},{\"@type\":\"BreadcrumbList\",\"@id\":\"https:\/\/leadetik.cl\/#breadcrumb\",\"itemListElement\":[{\"@type\":\"ListItem\",\"position\":1,\"name\":\"Portada\",\"item\":\"https:\/\/leadetik.cl\/\"},{\"@type\":\"ListItem\",\"position\":2,\"name\":\"Index\"}]},{\"@type\":\"WebSite\",\"@id\":\"https:\/\/leadetik.cl\/#website\",\"url\":\"https:\/\/leadetik.cl\/\",\"name\":\"Leadetik.cl\",\"description\":\"\",\"publisher\":{\"@id\":\"https:\/\/leadetik.cl\/#organization\"},\"potentialAction\":[{\"@type\":\"SearchAction\",\"target\":{\"@type\":\"EntryPoint\",\"urlTemplate\":\"https:\/\/leadetik.cl\/?s={search_term_string}\"},\"query-input\":\"required name=search_term_string\"}],\"inLanguage\":\"es-CL\"},{\"@type\":\"Organization\",\"@id\":\"https:\/\/leadetik.cl\/#organization\",\"name\":\"Leadetik.cl\",\"url\":\"https:\/\/leadetik.cl\/\",\"logo\":{\"@type\":\"ImageObject\",\"inLanguage\":\"es-CL\",\"@id\":\"https:\/\/leadetik.cl\/#\/schema\/logo\/image\/\",\"url\":\"https:\/\/leadetik.cl\/wp-content\/uploads\/2022\/11\/logo-1.png\",\"contentUrl\":\"https:\/\/leadetik.cl\/wp-content\/uploads\/2022\/11\/logo-1.png\",\"width\":298,\"height\":294,\"caption\":\"Leadetik.cl\"},\"image\":{\"@id\":\"https:\/\/leadetik.cl\/#\/schema\/logo\/image\/\"}}]}<\/script>\n<!-- \/ Yoast SEO plugin. -->","yoast_head_json":{"title":"Index - Leadetik.cl","robots":{"index":"index","follow":"follow","max-snippet":"max-snippet:-1","max-image-preview":"max-image-preview:large","max-video-preview":"max-video-preview:-1"},"canonical":"https:\/\/leadetik.cl\/","og_locale":"es_ES","og_type":"article","og_title":"Index - Leadetik.cl","og_description":"Acompa\u00f1amos y asesoramos al servicio p\u00fablico y la empresa privada.Algunos de nuestros serviciosEnfocados en prestar un servicio integral orientados a la mejora continua y sustentable, usamos nuestra vasta experiencia en el mundo privado y p\u00fablico. Nos ajustamos a las necesidades espec\u00edficas de cada uno de nuestros clientes, con foco en el cumplimiento de sus objetivos [&hellip;]","og_url":"https:\/\/leadetik.cl\/","og_site_name":"Leadetik.cl","article_modified_time":"2024-03-05T17:04:52+00:00","og_image":[{"url":"https:\/\/leadetik.cl\/wp-content\/uploads\/2022\/11\/logo-1.png"}],"twitter_card":"summary_large_image","twitter_misc":{"Est. reading time":"2 minutos"},"schema":{"@context":"https:\/\/schema.org","@graph":[{"@type":"WebPage","@id":"https:\/\/leadetik.cl\/","url":"https:\/\/leadetik.cl\/","name":"Index - Leadetik.cl","isPartOf":{"@id":"https:\/\/leadetik.cl\/#website"},"primaryImageOfPage":{"@id":"https:\/\/leadetik.cl\/#primaryimage"},"image":{"@id":"https:\/\/leadetik.cl\/#primaryimage"},"thumbnailUrl":"https:\/\/leadetik.cl\/wp-content\/uploads\/2022\/11\/logo-1.png","datePublished":"2023-03-23T14:45:41+00:00","dateModified":"2024-03-05T17:04:52+00:00","breadcrumb":{"@id":"https:\/\/leadetik.cl\/#breadcrumb"},"inLanguage":"es-CL","potentialAction":[{"@type":"ReadAction","target":["https:\/\/leadetik.cl\/"]}]},{"@type":"ImageObject","inLanguage":"es-CL","@id":"https:\/\/leadetik.cl\/#primaryimage","url":"https:\/\/leadetik.cl\/wp-content\/uploads\/2022\/11\/logo-1.png","contentUrl":"https:\/\/leadetik.cl\/wp-content\/uploads\/2022\/11\/logo-1.png","width":298,"height":294},{"@type":"BreadcrumbList","@id":"https:\/\/leadetik.cl\/#breadcrumb","itemListElement":[{"@type":"ListItem","position":1,"name":"Portada","item":"https:\/\/leadetik.cl\/"},{"@type":"ListItem","position":2,"name":"Index"}]},{"@type":"WebSite","@id":"https:\/\/leadetik.cl\/#website","url":"https:\/\/leadetik.cl\/","name":"Leadetik.cl","description":"","publisher":{"@id":"https:\/\/leadetik.cl\/#organization"},"potentialAction":[{"@type":"SearchAction","target":{"@type":"EntryPoint","urlTemplate":"https:\/\/leadetik.cl\/?s={search_term_string}"},"query-input":"required name=search_term_string"}],"inLanguage":"es-CL"},{"@type":"Organization","@id":"https:\/\/leadetik.cl\/#organization","name":"Leadetik.cl","url":"https:\/\/leadetik.cl\/","logo":{"@type":"ImageObject","inLanguage":"es-CL","@id":"https:\/\/leadetik.cl\/#\/schema\/logo\/image\/","url":"https:\/\/leadetik.cl\/wp-content\/uploads\/2022\/11\/logo-1.png","contentUrl":"https:\/\/leadetik.cl\/wp-content\/uploads\/2022\/11\/logo-1.png","width":298,"height":294,"caption":"Leadetik.cl"},"image":{"@id":"https:\/\/leadetik.cl\/#\/schema\/logo\/image\/"}}]}},"_links":{"self":[{"href":"https:\/\/leadetik.cl\/index.php\/wp-json\/wp\/v2\/pages\/186","targetHints":{"allow":["GET"]}}],"collection":[{"href":"https:\/\/leadetik.cl\/index.php\/wp-json\/wp\/v2\/pages"}],"about":[{"href":"https:\/\/leadetik.cl\/index.php\/wp-json\/wp\/v2\/types\/page"}],"author":[{"embeddable":true,"href":"https:\/\/leadetik.cl\/index.php\/wp-json\/wp\/v2\/users\/1"}],"replies":[{"embeddable":true,"href":"https:\/\/leadetik.cl\/index.php\/wp-json\/wp\/v2\/comments?post=186"}],"version-history":[{"count":16,"href":"https:\/\/leadetik.cl\/index.php\/wp-json\/wp\/v2\/pages\/186\/revisions"}],"predecessor-version":[{"id":343,"href":"https:\/\/leadetik.cl\/index.php\/wp-json\/wp\/v2\/pages\/186\/revisions\/343"}],"wp:attachment":[{"href":"https:\/\/leadetik.cl\/index.php\/wp-json\/wp\/v2\/media?parent=186"}],"curies":[{"name":"wp","href":"https:\/\/api.w.org\/{rel}","templated":true}]}}